osite number?
True
Is 78413 composite?
True
Is 887 a prime number?
True
Is 321911 prime?
True
Is 977 a composite number?
False
Is 37847 a prime number?
True
Is 571 a composite number?
False
Is 110065 a composite number?
True
Is 103589 a prime number?
False
Is 23453 a prime number?
False
Is 16423 prime?
False
Is 3322507 a prime number?
True
Is 4127 prime?
True
Is 5374 composite?
True
Is 60941 composite?
True
Is 1351853 composite?
False
Is 268683 a prime number?
False
Is 9871 composite?
False
Is 111721 composite?
False
Is 773249 a composite number?
False
Is 233483 prime?
False
Is 4499 composite?
True
Is 64463 prime?
False
Is 32141 a composite number?
False
Is 101107 a prime number?
True
Is 10937 a composite number?
False
Is 12203 a composite number?
False
Is 524989 composite?
True
Is 809641 a prime number?
False
Is 15893 composite?
True
Is 505 prime?
False
Is 701159 a composite number?
False
Is 372947 composite?
True
Is 33893 a prime number?
True
Is 91555 a prime number?
False
Is 691 composite?
False
Is 43465 a prime number?
False
Is 341261 prime?
False
Is 4533 prime?
False
Is 788689 prime?
False
Is 383291 prime?
True
Is 744693 a prime number?
False
Is 374351 a prime number?
True
Is 6139 prime?
False
Is 56519 composite?
False
Is 52945 prime?
False
Is 1287683 a prime number?
True
Is 901 composite?
True
Is 233009 composite?
True
Is 26473 a composite number?
True
Is 80467 composite?
True
Is 807 prime?
False
Is 227387 a composite number?
False
Is 298873 prime?
False
Is 34267 prime?
True
Is 1428463 prime?
False
Is 431777 a prime number?
True
Is 27923 a prime number?
False
Is 663367 a prime number?
False
Is 2503 a prime number?
True
Is 68455 composite?
True
Is 38463 prime?
False
Is 44459 composite?
True
Is 599183 prime?
False
Is 971089 a prime number?
False
Is 50441 a prime number?
True
Is 175669 a composite number?
True
Is 93967 a composite number?
False
Is 68297 a composite number?
True
Is 36887 composite?
False
Is 734 prime?
False
Is 293 prime?
True
Is 30047 composite?
False
Is 4721 prime?
True
Is 30021 a prime number?
False
Is 20861 a composite number?
True
Is 601651 prime?
True
Is 28759 composite?
False
Is 34462 prime?
False
Is 396923 a composite number?
True
Is 5227 composite?
False
Is 73429 a composite number?
True
Is 184235 prime?
False
Is 9469 prime?
False
Is 626147 composite?
False
Is 68071 a prime number?
True
Is 17821 prime?
False
Is 22966 a composite number?
True
Is 2450101 a prime number?
False
Is 282349 prime?
True
Is 346349 composite?
False
Is 44467 a prime number?
False
Is 298013 composite?
False
Is 164279 a composite number?
False
Is 1172431 a composite number?
True
Is 7919 composite?
False
Is 7393 a prime number?
True
Is 10299 composite?
True
Is 25045 a composite number?
True
Is 298399 a composite number?
False
Is 40693 composite?
False
Is 345469 a composite number?
True
Is 30839 composite?
False
Is 431399 prime?
True
Is 146193 a prime number?
False
Is 181369 prime?
False
Is 619847 a prime number?
False
Is 301979 composite?
False
Is 2424803 a prime number?
False
Is 544189 a prime number?
False
Is 56774 composite?
True
Is 38593 a composite number?
False
Is 755809 prime?
True
Is 64483 prime?
True
Is 67699 prime?
True
Is 185479 composite?
True
Is 3156503 composite?
True
Is 6031 composite?
True
Is 4143 composite?
True
Is 1934429 composite?
True
Is 9491 prime?
True
Is 43517 a composite number?
False
Is 1109839 a prime number?
True
Is 5147 composite?
False
Is 2674803 a composite number?
True
Is 217823 prime?
True
Is 595139 a prime number?
True
Is 6403 prime?
False
Is 399197 a prime number?
True
Is 7411 composite?
False
Is 235699 a prime number?
True
Is 123677 a composite number?
False
Is 6229 composite?
False
Is 541 composite?
False
Is 9983 a prime number?
False
Is 69329 a composite number?
True
Is 2231 composite?
True
Is 242191 composite?
True
Is 3847 composite?
False
Is 2887 a prime number?
True
Is 5594 prime?
False
Is 31829 a prime number?
False
Is 3967 a composite number?
False
Is 1651 a composite number?
True
Is 307397 composite?
False
Is 57689 composite?
False
Is 181574 composite?
True
Is 84207 composite?
True
Is 62677 a composite number?
True
Is 2437 prime?
True
Is 27509 a composite number?
False
Is 26933 prime?
False
Is 115201 prime?
True
Is 75821 a prime number?
True
Is 120221 prime?
False
Is 6686 composite?
True
Is 54523 prime?
False
Is 44303 a prime number?
False
Is 1756093 a composite number?
False
Is 290011 a prime number?
True
Is 45943 a composite number?
False
Is 779917 composite?
True
Is 292549 prime?
True
Is 142357 composite?
False
Is 336823 prime?
True
Is 260317 prime?
True
Is 1751507 a prime number?
True
Is 43573 a prime number?
True
Is 50891 composite?
False
Is 14383 prime?
False
Is 905791 composite?
True
Is 103387 composite?
False
Is 124897 prime?
True
Is 3691 prime?
True
Is 2653 prime?
False
Is 81254 prime?
False
Is 4720693 composite?
False
Is 8131 a composite number?
True
Is 293 prime?
True
Is 3989 prime?
True
Is 51533 a prime number?
False
Is 107845 a prime number?
False
Is 83813 composite?
False
Is 397405 a composite number?
True
Is 153155 a composite number?
True
Is 266506 a prime number?
False
Is 1685 composite?
True
Is 66349 composite?
True
Is 7941 prime?
False
Is 18959 a prime number?
True
Is 10667 a composite number?
False
Is 237455 a composite number?
True
Is 8553 prime?
False
Is 1259 composite?
False
Is 3557 a prime number?
True
Is 1287431 prime?
True
Is 21043 composite?
True
Is 19742 composite?
True
Is 1518089 a composite number?
False
Is 5447 prime?
False
Is 81319 prime?
False
Is 65203 composite?
False
Is 17221 prime?
False
Is 1277 composite?
False
Is 110161 a composite number?
False
Is 203059 composite?
True
Is 76459 a composite number?
True
Is 21053 composite?
True
Is 117965 a composite number?
True
Is 1953761 a composite number?
False
Is 5147 a composite number?
False
Is 11969 a composite number?
False
Is 120287 a composite number?
True
Is 47 a composite number?
False
Is 156749 composite?
False
Is 2633 prime?
True
Is 1385 a prime number?
False
Is 320443 a prime number?
False
Is 5287 a prime number?
False
Is 2101 composite?
True
Is 2153 prime?
True
Is 608941 composite?
False
Is 2402 a prime number?
False
Is 2963 a prime number?
True
Is 53249 a composite number?
True
Is 248582 composite?
True
Is 14519 composite?
False
Is 9587 composite?
False
Is 1685 a composite number?
True
Is 132599 a prime number?
False
Is 95017 composite?
True
Is 4211 a composite number?
False
Is 4379 a composite number?
True
Is 147817 prime?
False
Is 1563 composite?
True
Is 17659 a composite number?
False
Is 16411 composite?
False
Is 191 composite?
False
Is 199 composite?
False
Is 32329 composite?
True
Is 12323 a composite number?
False
Is 139939 a prime number?
True
Is 95137 a prime number?
False
Is 11177 a composite number?
False
Is 25981 composite?
False
Is 21767 a composite number?
False
Is 29921 composite?
False
Is 7187 a prime number?
True
Is 72461 prime?
True
Is 1897 prime?
False
Is 390703 a prime number?
True
Is 107857 prime?
True
Is 60029 prime?
True
Is 557367 prime?
False
Is 7829 prime?
True
Is 15877 prime?
True
Is 150901 composite?
False
Is 59197 a composite number?
False
Is 257981 composite?
False
Is 12767 composite?
True
Is 12251 a prime number?
True
Is 70933 prime?
False
Is 47563 prime?
True
Is 2 composite?
False
Is 541 a composite number?
False
Is 38557 prime?
True
Is 99379 a composite number?
True
Is 10637 composite?
True
Is 2229235 a composite number?
True
Is 313669 prime?
True
Is 171559 prime?
True
Is 11477 composite?
True
Is 148079 prime?
True
Is 91279 a prime number?
False
Is 204091 a composite number?
True
Is 5227 a prime number?
True
Is 20873 a prime number?
True
Is 108803 composite?
False
Is 76943 a prime number?
True
Is 65449 composite?
False
Is 8947 a prime number?
False
Is 48142 composite?
True
Is 52349 composite?
True
Is 656743 composite?
True
Is 35771 prime?
True
Is 35669 composite?
True
Is 3263 a composite number?
True
Is 1098953 a composite number?
False
Is 279602 a composite number?
True
Is 253993 a prime number?
True
Is 323545 prime?
False
Is 14281 a prime number?
True
Is 32447 prime?
False
Is 15943 a composite number?
True
Is 101221 composite?
False
Is 85081 prime?
True
Is 18493 a prime number?
